{"id":27,"date":"2020-11-13T20:21:38","date_gmt":"2020-11-13T20:21:38","guid":{"rendered":"http:\/\/oxivision.pt\/?page_id=27"},"modified":"2020-11-15T15:05:52","modified_gmt":"2020-11-15T15:05:52","slug":"produtos","status":"publish","type":"page","link":"https:\/\/oxivision.pt\/?page_id=27","title":{"rendered":"Produtos"},"content":{"rendered":"\n<p style=\"font-size:27px\"><strong>Impress\u00e3o, Corte e Aplica\u00e7\u00e3o de Vinil<\/strong><br><\/p>\n\n\n\n<p style=\"font-size:18px\">\u25baViaturas (Cobertura Total)   \u25baMontras<br>\u25baTermofilme   \u25baPaineis   \u25baPlacas<br>\u25baLonas   \u25baSistemas de Exposi\u00e7\u00e3o<br>\u25baDecora\u00e7\u00e3o de Interiores<br>\u25baPapel de Parede   \u25baFloor<\/p>\n\n\n\n<p style=\"font-size:27px\"><strong>Solucionamos<\/strong><\/p>\n\n\n\n<p style=\"font-size:18px\">\u25baImagem Corporativa   \u25baDesign Gr\u00e1fico<br>\u25baWeb Design   \u25baTipografia<br>\u25baTampografia   \u25baSerigrafia<\/p>\n","protected":false},"excerpt":{"rendered":"<p>Impress\u00e3o, Corte e Aplica\u00e7\u00e3o de Vinil \u25baViaturas (Cobertura Total) \u25baMontras\u25baTermofilme \u25baPaineis \u25baPlacas\u25baLonas \u25baSistemas de Exposi\u00e7\u00e3o\u25baDecora\u00e7\u00e3o de Interiores\u25baPapel de Parede \u25baFloor Solucionamos \u25baImagem Corporativa \u25baDesign Gr\u00e1fico\u25baWeb Design \u25baTipografia\u25baTampografia \u25baSerigrafia<\/p>\n","protected":false},"author":2,"featured_media":0,"parent":0,"menu_order":0,"comment_status":"closed","ping_status":"closed","template":"","meta":{"footnotes":""},"class_list":["post-27","page","type-page","status-publish","hentry"],"_links":{"self":[{"href":"https:\/\/oxivision.pt\/index.php?rest_route=\/wp\/v2\/pages\/27","targetHints":{"allow":["GET"]}}],"collection":[{"href":"https:\/\/oxivision.pt\/index.php?rest_route=\/wp\/v2\/pages"}],"about":[{"href":"https:\/\/oxivision.pt\/index.php?rest_route=\/wp\/v2\/types\/page"}],"author":[{"embeddable":true,"href":"https:\/\/oxivision.pt\/index.php?rest_route=\/wp\/v2\/users\/2"}],"replies":[{"embeddable":true,"href":"https:\/\/oxivision.pt\/index.php?rest_route=%2Fwp%2Fv2%2Fcomments&post=27"}],"version-history":[{"count":4,"href":"https:\/\/oxivision.pt\/index.php?rest_route=\/wp\/v2\/pages\/27\/revisions"}],"predecessor-version":[{"id":296,"href":"https:\/\/oxivision.pt\/index.php?rest_route=\/wp\/v2\/pages\/27\/revisions\/296"}],"wp:attachment":[{"href":"https:\/\/oxivision.pt\/index.php?rest_route=%2Fwp%2Fv2%2Fmedia&parent=27"}],"curies":[{"name":"wp","href":"https:\/\/api.w.org\/{rel}","templated":true}]}}